*v = -1 + 1. Let y(c) = -11*c + 20*c + v*c**2 + c**2 - 14 - 10*c. What is the units digit of y(13)?
2
Suppose -9*a = -2*i - 10*a + 473, 955 = 4*i + 5*a. Let x = -8 + i. What is the tens digit of x?
2
Let z = -11383 + 25134. What is the tens digit of z?
5
Let k be (34/(-3))/(11 + 340/(-30)). Suppose -k*l = -33*l - 350. What is the units digit of l?
0
Let c = -19237 + 25762. What is the hundreds digit of c?
5
Let f(d) = -2305*d**3 + 2*d**2 - 51*d - 183. What is the thousands digit of f(-3)?
2
Suppose -65*r = -3*l - 62*r + 131052, 5*l - 218432 = -r. What is the tens digit of l?
8
Suppose -2*u + 30726 = -q, 0 = 15*q - 18*q - u - 92157. What is the hundreds digit of (-5)/(-2)*q/(-150)?
5
Let r(z) = -z + 22. Let l be r(8). Suppose 5*j = -19 + l. What is the tens digit of (j - 1)/(2/(-66))?
6
Let u be -1 - 5*2/30*-3. Suppose 0 = -2*f - 5*v + 699, 5*f - 13*v + 12*v - 1815 = u. What is the tens digit of f?
6
Let c be 441 - (-11 - (-5 + -3)). Let i = 531 + c. What is the hundreds digit of i?
9
Suppose 0 = 4*a - 0 - 8. Let m(o) = 2 + 2*o**3 - 2*o + 6 - 2*o - 3*o**3 + 7*o**a. What is the tens digit of m(6)?
2
Suppose -8*f = 3*f - 15807. Suppose 0 = t + d - f + 563, 0 = -3*d + 6. Suppose t = -0*p + 5*p - 2*w, 2*p - 344 = -4*w. What is the tens digit of p?
7
Suppose -4*p = -549 + 41. Suppose -5*m - 425 = -5*o, -p + 465 = 4*o - 5*m. What is the units digit of o*1*(-4 - -5)?
7
Let b = 391 - 47. Let v = 50 - b. Let y = -165 - v. What is the tens digit of y?
2
Let d(s) = -s**3 - 14*s**2 - 19*s + 51. Let a(b) = b**3 + b**2 - 2*b. Let r(v) = 2*a(v) + d(v). What is the tens digit of r(15)?
8
Suppose 0 = -4*p + 2*i + 134, 5*p + 4*i - 172 = 2*i. Let w be ((-273)/(-6))/7*-4. Let h = w + p. What is the units digit of h?
8
Let n = 25703 + -13947. What is the tens digit of n?
5
Let y = 223 - -227. Let v = y + 5. What is the tens digit of v?
5
Let u(s) = -4809*s + 131. What is the units digit of u(-4)?
7
Let a(s) be the first derivative of -s**4/4 + 7*s**3 - 21*s**2/2 + 17*s - 15. Let x be a(20). What is the units digit of 2/2*(131 + x)?
8
Suppose -5*w + 24 = -1, -4*d - w + 9 = 0. Let s = 6 - d. Suppose p - o = 46, 7*p - 139 = 3*p - s*o. What is the units digit of p?
1
Let d(r) = 48*r**3 + 6*r**2 - 9*r + 5. Suppose -b + 2*n = -12, 4*b - 2*b = -n - 1. What is the units digit of d(b)?
5
Let c be (3 + ((-231)/(-6))/(-11))*-6. What is the units digit of 147*4*c/36?
9
Suppose -15*z + 3032 = -10*z - 4*w, -z + 2*w = -610. What is the hundreds digit of z?
6
Let m = 6985 + 12228. What is the ten thousands digit of m?
1
Let g(v) = -2*v**3 + 5*v**2 + 3*v. Let d be g(5). Let p = d + 70. Let c = p - -68. What is the tens digit of c?
2
Let i be 810/7 + 1 + (-4)/(-14). Let h = 92 - i. What is the units digit of h + 25 - (-53)/2*6?
9
Let p(o) = -18*o + 172. Let b be p(-14). Let w = b - -363. What is the units digit of w?
7
Suppose -554632 = -8*z - 2*q, -2*q + 54525 = -5*z + 401170. What is the ten thousands digit of z?
6
Suppose h + 6 = 11, -y + 4*h = -1505. Suppose -3*x - 2*f = -1523, y = -2*x + 5*x + 4*f. What is the tens digit of x?
0
Let v be ((-2)/(-9) + 9779/99)*1. Suppose 2*n + 4*r - v - 15 = 0, -2*n + 108 = r. What is the units digit of n?
3
Let y(p) = p**2 - 17*p - 10. Let m be y(-10). Let u = 201 + m. What is the tens digit of u?
6
Suppose 0 = -8*w - 16766 + 54398. What is the hundreds digit of w?
7
Suppose 4*b = -2*k + 88080, 6*k = 3*b + 4*k - 66060. What is the thousands digit of b?
2
Let f(y) = 3*y**2 + 10*y + 11. Let u be (-10)/3*(-24)/5. Let j be (-4)/(u/6)*4. What is the units digit of f(j)?
9
Suppose -68 = -5*h + u, 0 = 3*h - 5*h - 2*u + 32. Suppose f - h*f = -5031. What is the tens digit of f?
8
Let s = -182 + 178. What is the hundreds digit of (-72675)/50*s/(-18)*-3?
9
Let d(b) = -b - 24. Let o be d(-11). Let u be (-295127)/(-247) + (-2)/o. Suppose -5*w = -5*q + u, -q = 3*w - w - 248. What is the tens digit of q?
4
What is the units digit of (-279)/18 + 16 + (-8178)/(-4)?
5
Let p = -12 - -17. Suppose -4*w + a + 3 = 0, 3*w - p*a - 16 + 1 = 0. Suppose w = -g + 8 + 14. What is the tens digit of g?
2
Let h = 67 - 67. Suppose h = -27*g + 33*g - 576. What is the units digit of g?
6
Suppose -4*m + 29123 + 22717 = -57024. What is the thousands digit of m?
7
Suppose -3*t = 2*i - 2*t - 79, 155 = 4*i + 3*t. Suppose -3*n - 15 = 0, n + i = -3*z + 6. What is the hundreds digit of z/(-15)*243*1?
1
Suppose 2338*b - 3872 = 2337*b. What is the units digit of b?
2
Suppose 29*w + 66281 - 108070 = 134560. What is the units digit of w?
1
What is the units digit of ((1 + 1)/(-12))/(13*1/(-1320618))?
1
Let b(c) = 4*c**3 + 2*c**2 + 3*c. Let s be b(-3). Let k = -58 - s. Suppose k*y - 38*y = 159. What is the tens digit of y?
5
What is the hundreds digit of (-3)/24 - 3186318/(-752)?
2
Let u be (-2)/((-8)/(365 - -3)). Suppose -3*n = 4*l - 351, l - 2*l - 5*n = -u. What is the tens digit of l?
8
What is the tens digit of 14/(-49)*-56 - -3538?
5
Suppose -2*g - f + 75 = 0, g = -2*g + f + 120. Let a = g - 33. What is the units digit of (0 + -43)*1*(-6)/a?
3
What is the hundreds digit of 3 + -22 - -21 - -9015?
0
Let m be 5/(-20)*-4*5. Suppose -4*h + 287 + 813 = -m*y, h + 5 = 0. What is the units digit of (-2)/(-14) - (-4)/(y/(-328))?
6
Suppose 3*u - 728 = -2*q + 1593, u = -q + 773. What is the tens digit of u?
7
Let b(j) be the first derivative of -2*j**3/3 - 3*j**2 - 15*j - 8. Let m(w) be the first derivative of b(w). What is the units digit of m(-8)?
6
Suppose 96 + 96 = 6*y. Let z = 34 - y. Suppose 4*f - 327 = -4*b + 249, -5*f + z*b + 720 = 0. What is the units digit of f?
4
Suppose 5*r - 2 = -62. Let k be r/30 - (-2 - 4/10). Suppose k*u - u = 49. What is the units digit of u?
9
Let b = -587 - -592. Suppose 0 = 5*z + 4*p - 2711, -b*z + 1497 = -2*p - 1220. What is the hundreds digit of z?
5
Suppose 947*t = 955*t + 128. Let k = 76 + -30. Let u = t + k. What is the tens digit of u?
3
What is the tens digit of (-33)/(-176)*22744*((-16)/(-2))/4?
2
Let m = 608 + 6196. What is the tens digit of m?
0
Let v be 2/(-2) + (-4 - -6). Let c(y) = -y**3 - 3*y - 2*y - 16 + v - 2*y + 10*y**2. What is the tens digit of c(8)?
5
What is the units digit of (-576)/(-108)*((-45)/12 + 3) + 52468?
4
Suppose 4*b - 518*o - 22936 = -517*o, -2*b - o = -11474. What is the units digit of b?
5
Let p be (-4)/6*-12*(-4 + 7). Let z(j) = 12 - 4*j + 12 - p. What is the tens digit of z(-9)?
3
Let k be (-19 + -1)*50/(-200). What is the units digit of 7 + -7 + (k - -602)?
7
Let u(i) be the first derivative of -i**2/2 - 30*i + 30. Let z be u(-19). What is the units digit of (z/(-22) - 7/2) + 117?
4
Let k be 35/2 - (12/(-8) - -3). Suppose -3*w - 2*z = -5*w, w = -3*z + k. What is the hundreds digit of -3*1/w*(-456)/3?
1
What is the units digit of ((-3)/6 + -2)*1*48056/(-20)?
7
Let x be (-19)/(-5) + 4/(-5). Let f(p) = 11*p**x - 3*p**2 - p**2 - 14*p + 3*p - 10*p**3 - 7. What is the units digit of f(7)?
3
Suppose -4*v = 3*x - 16, v - 5 = -0*v - x. What is the tens digit of (-6)/(-18)*2367*v/3?
6
Let q be (4/(-3))/((-208)/780). Suppose -q*i = s - 3169, 94*s - 4 = 93*s. What is the tens digit of i?
3
Let i be -1 + 1 + -2 + -1. Suppose 37 - 67 = 6*j. What is the units digit of i - 0/(-3) - (-78 - j)?
0
Let f(i) = 23*i**3 + 9*i**2 - 38*i + 115. What is the units digit of f(5)?
5
Suppose i = -4*j + 3259, 5*j - j + 4*i = 3268. Let p = 12 + 3. Suppose -4*l - 5*f + j = 0, -624 = -3*l - 3*f - p. What is the hundreds digit of l?
2
Let c(w) = -77*w**3 - 3*w**2 - 5*w - 5. Let j be c(-2). Suppose 5*l - 1113 = 3*x + 1872, -l + 3*x + j = 0. What is the hundreds digit of l?
5
Let r(n) = -24*n + 6. Let w be (0 + -10)*(11/2 + -4). Let t be ((-36)/w + -3)*5. What is the units digit of r(t)?
8
Suppose 1 = -9*b - 8. What is the units digit of (-155896)/(-364) - (9/7 + b)?
8
Let m(y) = -3*y - 6. Let d be m(15). Suppose 170 = 46*b - 44*b. Let h = b + d. What is the tens digit of h?
3
Let c = -682 - -670. Let a(n) = -n - 10 + 0*n**3 - n**3 + 3*n**2 - 15*n**2. What is the units digit of a(c)?
2
Let u(g) = -4*g**3 + 24*g**2 + 39*g + 63. What is the units digit of u(-9)?
2
Suppose i + 6 = -4*o - 7, -18 = -2*i + 3*o. Let n(m) = 3*m - 2. Let w be n(i). What is the units digit of (-7)/(w/(-9)) + 0?
9
Let s(k) be the second derivative of -k**5/20 + 3*k**4/4 - 2*k**3 - 5*k